 of 6726085293?
6
What is the millions digit of 24795682?
4
What is the hundred millions digit of 570566544?
5
What is the hundred millions digit of 714749525?
7
What is the hundred millions digit of 482918426?
4
What is the hundreds digit of 63079540?
5
What is the units digit of 21044130?
0
What is the ten millions digit of 47435736?
4
What is the tens digit of 22250879?
7
What is the units digit of 817850330?
0
What is the ten millions digit of 209388938?
0
What is the hundred thousands digit of 270550023?
5
What is the hundred thousands digit of 369258645?
2
What is the tens digit of 135122766?
6
What is the ten millions digit of 961435261?
6
What is the ten millions digit of 21531766?
2
What is the tens digit of 525827278?
7
What is the hundreds digit of 3571452214?
2
What is the hundred thousands digit of 168149596?
1
What is the hundred thousands digit of 204604?
2
What is the ten millions digit of 6633386158?
3
What is the tens digit of 165533553?
5
What is the units digit of 28549104?
4
What is the ten thousands digit of 758204339?
0
What is the hundred millions digit of 515404598?
5
What is the units digit of 315424147?
7
What is the thousands digit of 336511114?
1
What is the ten thousands digit of 23693441?
9
What is the hundred millions digit of 368890024?
3
What is the units digit of 698085478?
8
What is the ten thousands digit of 45283436?
8
What is the hundreds digit of 431809104?
1
What is the billions digit of 1137403260?
1
What is the ten millions digit of 281821610?
8
What is the ten millions digit of 67137448?
6
What is the hundreds digit of 106492634?
6
What is the units digit of 123115258?
8
What is the hundred millions digit of 109339396?
1
What is the ten thousands digit of 54211284?
1
What is the ten millions digit of 272275265?
7
What is the hundreds digit of 223943022?
0
What is the ten thousands digit of 1606048518?
4
What is the hundreds digit of 280471528?
5
What is the ten thousands digit of 43280017?
8
What is the thousands digit of 518978025?
8
What is the millions digit of 2081133558?
1
What is the billions digit of 2376020725?
2
What is the units digit of 166873220?
0
What is the ten millions digit of 22254257?
2
What is the units digit of 6063978584?
4
What is the hundred thousands digit of 153778009?
7
What is the billions digit of 4485136636?
4
What is the millions digit of 60587348?
0
What is the units digit of 8800543?
3
What is the ten thousands digit of 3880283946?
8
What is the units digit of 74996631?
1
What is the millions digit of 43581079?
3
What is the ten millions digit of 387683802?
8
What is the hundred millions digit of 1297458899?
2
What is the ten millions digit of 895804928?
9
What is the hundred thousands digit of 2755468742?
4
What is the millions digit of 2911726?
2
What is the tens digit of 1784897898?
9
What is the ten millions digit of 467113652?
6
What is the ten millions digit of 306539738?
0
What is the millions digit of 1378721380?
8
What is the tens digit of 4728452?
5
What is the thousands digit of 141040129?
0
What is the millions digit of 73449554?
3
What is the billions digit of 1287946142?
1
What is the hundred thousands digit of 694098788?
0
What is the hundred millions digit of 148856601?
1
What is the hundred thousands digit of 75864595?
8
What is the ten thousands digit of 5757471?
5
What is the ten millions digit of 117994299?
1
What is the millions digit of 126641000?
6
What is the thousands digit of 1426531112?
1
What is the ten millions digit of 127225176?
2
What is the ten millions digit of 600231052?
0
What is the tens digit of 518428320?
2
What is the ten thousands digit of 87730788?
3
What is the tens digit of 91773905?
0
What is the hundreds digit of 159640120?
1
What is the hundreds digit of 645846262?
2
What is the hundreds digit of 7278388709?
7
What is the hundred thousands digit of 981748416?
7
What is the millions digit of 41344278?
1
What is the thousands digit of 527116810?
6
What is the thousands digit of 456085193?
5
What is the thousands digit of 6559677?
9
What is the hundreds digit of 8951790?
7
What is the ten millions digit of 1123400263?
2
What is the hundreds digit of 27965806?
8
What is the ten millions digit of 305958478?
0
What is the hundred thousands digit of 5393695005?
6
What is the hundred millions digit of 6448811387?
4
What is the hundreds digit of 310983469?
4
What is the hundreds digit of 1210388138?
1
What is the hundreds digit of 208483417?
4
What is the millions digit of 2175057126?
5
What is the hundreds digit of 2958344853?
8
What is the thousands digit of 13211139?
1
What is the hundred thousands digit of 1966341?
9
What is the tens digit of 46055096?
9
What is the hundreds digit of 73016092?
0
What is the hundred millions digit of 6413104953?
4
What is the ten thousands digit of 23276125?
7
What is the thousands digit of 17450768?
0
What is the ten millions digit of 237040878?
3
What is the hundred thousands digit of 1472764017?
7
What is the tens digit of 69883962?
6
What is the hundreds digit of 98755574?
5
What is the tens digit of 53691792?
9
What is the tens digit of 7284855?
5
What is the tens digit of 6325265899?
9
What is the ten thousands digit of 1599894127?
9
What is the ten thousands digit of 1154511605?
1
What is the ten millions digit of 45188978?
4
What is the hundred millions digit of 101621253?
1
What is the tens digit of 1758107325?
2
What is the ten millions digit of 176132415?
7
What is the hundred thousands digit of 87177875?
1
What is the hundred millions digit of 1346263326?
3
What is the thousands digit of 1033469390?
9
What is the hundred thousands digit of 11993441?
9
What is the hundreds digit of 50801595?
5
What is the ten thousands digit of 32073774?
7
What is the thousands digit of 59971055?
1
What is the thousands digit of 888580115?
0
What is the millions digit of 22831844?
2
What is the billions digit of 4850323128?
4
What is the ten millions digit of 1504810128?
0
What is the hundred millions digit of 610187611?
6
What is the hundred thousands digit of 135746518?
7
What is the tens digit of 58028692?
9
What is the hundreds digit of 77503962?
9
What is the units digit of 93521362?
2
What is the ten thousands digit of 79595081?
9
What is the billions digit of 2448681742?
2
What is the ten thousands digit of 372289511?
8
What is the ten millions digit of 713576806?
1
What is the hundreds digit of 730727756?
7
What is the billions digit of 1815359953?
1
What is the units digit of 18280151?
1
What is the hundreds digit of 34785312?
3
What is the ten thousands digit of 69829155?
2
What is the units digit of 597966706?
6
What is the units digit of 55022351?
1
What is the tens digit of 232052979?
7
What is the hundreds digit of 118445411?
4
What is the hundred thousands digit of 3164061127?
0
What is the ten millions digit of 2478247236?
7
What is the hundred thousands digit of 7537196?
5
What is the ten thousands digit of 6473262259?
6
What is the hundred millions digit of 383558447?
3
What is the hundred thousands digit of 2733715279?
7
What is the millions digit of 64922120?
4
What is the thousands digit of 519318163?
8
What is the millions digit of 2070009140?
0
What is the units digit of 132276261?
1
What is the hundred millions digit of 3620660958?
6
What is the units digit of 6022340494?
4
What is the units digit of 199035803?
3
What is the thousands digit of 994245076?
5
What is the hundred thousands digit of 499534573?
5
What is the hundreds digit of 22363452?
4
What is the hundred millions digit of 217652103?
2
What is the hundred thousands digit of 50583947?
5
What is the tens digit of 391480773?
7
What is the tens digit of 141209263?
6
What is the hundreds digit of 38189295?
2
What is the hundred thousands digit of 106123614?
1
What is the thousands digit of 36532171?
2
What is the units digit of 3638901020?
0
What is the ten millions digit of 62030588?
6
What is the millions digit of 261317807?
1
What is the hundreds digit of 68327018?
0
What is the hundred thousands digit of 42607915?
6
What is the units digit of 24216654?
4
What is the tens digit of 995755938?
3
What is the hundreds digit of 2165096328?
3
What is the hundreds digit of 2040099503?
5
What is the millions digit of 1